What is the remainder when 1712879 is divided by 585?
584
Calculate the remainder when 138692 is divided by 8501.
2676
Calculate the remainder when 41693560 is divided by 2639.
2638
Calculate the remainder when 227862 is divided by 52.
50
What is the remainder when 41020400 is divided by 94?
22
Calculate the remainder when 209752 is divided by 388.
232
Calculate the remainder when 1599800 is divided by 110.
70
Calculate the remainder when 24810863 is divided by 800350.
13
What is the remainder when 133515 is divided by 66755?
5
What is the remainder when 350827 is divided by 350516?
311
What is the remainder when 4145446 is divided by 5?
1
Calculate the remainder when 238942221 is divided by 31.
18
Calculate the remainder when 7464441 is divided by 7247.
31
What is the remainder when 61890 is divided by 58403?
3487
What is the remainder when 45834 is divided by 1126?
794
What is the remainder when 578623 is divided by 5846?
5715
Calculate the remainder when 1610693 is divided by 322076.
313
What is the remainder when 1960642 is divided by 178234?
68
What is the remainder when 35758 is divided by 5945?
88
Calculate the remainder when 354154 is divided by 36.
22
Calculate the remainder when 3200801 is divided by 43.
10
Calculate the remainder when 516106 is divided by 182.
136
Calculate the remainder when 499954 is divided by 38457.
13
What is the remainder when 525392 is divided by 525366?
26
What is the remainder when 1021996 is divided by 291?
4
What is the remainder when 54531970 is divided by 36?
34
Calculate the remainder when 34493998 is divided by 11497996.
10
What is the remainder when 31107162 is divided by 826?
2
What is the remainder when 1259659 is divided by 6365?
5754
What is the remainder when 63348216 is divided by 21?
15
What is the remainder when 1245227 is divided by 87?
83
What is the remainder when 86482541 is divided by 4829?
4809
What is the remainder when 3407 is divided by 1780?
1627
Calculate the remainder when 473759 is divided by 837.
17
Calculate the remainder when 43910561 is divided by 22787.
12
What is the remainder when 111210954 is divided by 12356772?
6
What is the remainder when 371293 is divided by 23?
4
What is the remainder when 131677453 is divided by 10?
3
What is the remainder when 95605 is divided by 587?
511
Calculate the remainder when 208454 is divided by 1069.
1068
Calculate the remainder when 4198598 is divided by 2304.
710
What is the remainder when 145259463 is divided by 28?
27
What is the remainder when 322484 is divided by 35831?
5
What is the remainder when 21502 is divided by 17140?
4362
Calculate the remainder when 8422668 is divided by 1192.
1188
Calculate the remainder when 19907372 is divided by 125.
122
What is the remainder when 908019 is divided by 1279?
1208
What is the remainder when 430396 is divided by 717?
196
Calculate the remainder when 4978697 is divided by 553188.
5
Calculate the remainder when 65926 is divided by 21884.
274
What is the remainder when 16446949 is divided by 1879?
62
What is the remainder when 25732658 is divided by 1429588?
74
What is the remainder when 35561 is divided by 896?
617
Calculate the remainder when 25687654 is divided by 47.
39
Calculate the remainder when 2405673 is divided by 343667.
4
What is the remainder when 1775407 is divided by 591777?
76
What is the remainder when 1016325 is divided by 4598?
167
Calculate the remainder when 146119 is divided by 48605.
304
What is the remainder when 30806779 is divided by 8351?
8291
What is the remainder when 78939 is divided by 8599?
1548
What is the remainder when 20180734 is divided by 461?
459
Calculate the remainder when 927900 is divided by 61836.
360
What is the remainder when 445562 is divided by 391?
213
Calculate the remainder when 77669 is divided by 238.
81
Calculate the remainder when 7498899 is divided by 7469.
23
Calculate the remainder when 3857643 is divided by 621.
612
What is the remainder when 648198 is divided by 1044?
918
Calculate the remainder when 206937 is divided by 51728.
25
What is the remainder when 49983 is divided by 4989?
93
Calculate the remainder when 11430998 is divided by 280.
278
What is the remainder when 417947 is divided by 205?
157
What is the remainder when 55787 is divided by 4651?
4626
What is the remainder when 84573 is divided by 6007?
475
Calculate the remainder when 92092 is divided by 30690.
22
What is the remainder when 1425159 is divided by 203593?
8
What is the remainder when 11750396 is divided by 38?
36
What is the remainder when 3161998 is divided by 197624?
14
Calculate the remainder when 31829 is divided by 15792.
245
What is the remainder when 40957 is divided by 162?
133
Calculate the remainder when 2222794 is divided by 46297.
538
Calculate the remainder when 1409325 is divided by 1143.
6
Calculate the remainder when 624597 is divided by 624564.
33
What is the remainder when 19916685 is divided by 61853?
19
Calculate the remainder when 95164954 is divided by 47582473.
8
Calculate the remainder when 22656959 is divided by 142.
7
What is the remainder when 423172 is divided by 22078?
3690
What is the remainder when 27551975 is divided by 228?
227
Calculate the remainder when 693419 is divided by 3302.
3301
What is the remainder when 84327 is divided by 4684?
15
What is the remainder when 48155715 is divided by 2347?
2316
What is the remainder when 45548 is divided by 529?
54
What is the remainder when 1017126 is divided by 675?
576
What is the remainder when 1176018 is divided by 8294?
6564
What is the remainder when 30685 is divided by 786?
31
Calculate the remainder when 16822 is divided by 1553.
1292
Calculate the remainder when 524896 is divided by 3645.
16
What is the remainder when 936158 is divided by 936070?
88
What is the remainder when 417530 is divided by 139081?
287
What is the remainder when 462968 is divided by 23147?
28
Calculate the remainder when 6478442 is divided by 7.
5
What is the remainder when 1178739 is divided by 1178737?
2
What is the remainder when 300828 is divided by 676?
8
What is the remainder when 7197140 is divided by 12345?
5
Calculate the remainder when 7347323 is divided by 1198.
1187
What is the remainder when 1493185 is divided by 2676?
2653
Calculate the remainder when 713221739 is divided by 1785.
1784
What is the remainder when 117251 is divided by 19275?
1601
What is the remainder when 5687527 is divided by 631918?
265
Calculate the remainder when 206226 is divided by 3078.
0
What is the remainder when 5434221 is divided by 839?
18
What is the remainder when 645061 is divided by 214?
65
Calculate the remainder when 193932 is divided by 11232.
2988
Calculate the remainder when 14450 is divided by 13052.
1398
What is the remainder when 3614628 is divided by 1098?
12
Calculate the remainder when 9451088 is divided by 58.
46
What is the remainder when 108721 is divided by 35315?
2776
What is the remainder when 5755424 is divided by 196?
80
Calculate the remainder when 382753 is divided by 127542.
127
What is the remainder when 1337923 is divided by 267579?
28
What is the remainder when 893632 is divided by 223187?
884
What is the remainder when 18364 is divided by 1968?
652
Calculate the remainder when 5295792 is divided by 18324.
156
Calculate the remainder when 1447369 is divided by 258.
247
Calculate the remainder when 42146 is divided by 1907.
192
Calculate the remainder when 5270424 is divided by 2635104.
216
What is the remainder when 174690 is divided by 87300?
90
What is the remainder when 86936 is divided by 9594?
590
What is the remainder when 3349823 is divided by 7159?
6570
Calculate the remainder when 1332622485 is divided by 7.
5
What is the remainder when 34248805 is divided by 1049?
4
Calculate the remainder when 499240 is divided by 5372.
5016
What is the remainder when 608212 is divided by 3361?
3232
Calculate the remainder when 18553439 is divided by 28765.
14
What is the remainder when 384656143 is divided by 34?
33
What is the remainder when 73781 is divided by 1249?
90
What is the remainder when 15136697 is divided by 100?
97
What is the remainder when 20858635 is divided by 1390575?
10
What is the remainder when 112233335 is divided by 12?
11
Calculate the remainder when 111893 is d